0 = 4*c + 4*j - j - 54. Let y(k) = 2*k + 11. What are the prime factors of y(c)?
5, 7
Let d(s) = -s**3 + 14*s**2 - s - 36. List the prime factors of d(11).
2, 79
Suppose 0 + 6 = -h. Let t = h - -31. What are the prime factors of t?
5
Let z = 620 - -2711. List the prime factors of z.
3331
Let w(u) = 4*u**2 + u**2 + 28 - 3*u + 10 - 4*u**2. List the prime factors of w(12).
2, 73
Let k(s) = -3*s + 6*s + 2 - 5 + 9*s**2. Suppose 0 = 2*b + 3*a - 10, -12 = 4*b - 7*b - 3*a. List the prime factors of k(b).
3, 13
Let a be -18*((-238)/(-3))/(-7). What are the prime factors of -1 + 1/(-3) + 11696/a?
2, 7
Suppose 27*s = 47*s - 12880. What are the prime factors of s?
2, 7, 23
Let q(y) be the second derivative of 28*y**3/3 - 3*y**2/2 - 16*y. What are the prime factors of q(1)?
53
Let b be (-1*16)/(1 - 3). Let j = b + -7. What are the prime factors of (41*3/3)/j?
41
Suppose -2*m + 5*y + 0*y = -2883, -4*y + 1448 = m. What are the prime factors of m?
2, 19
Let b(o) be the third derivative of o**5/60 + o**3/2 - 16*o**2. List the prime factors of b(9).
2, 3, 7
Let a = 276 - -2952. List the prime factors of a.
2, 3, 269
Let b(w) = -4*w + 19. Suppose 0*l - 3*l - 54 = 0. What are the prime factors of b(l)?
7, 13
Let j = -14 + 4. Let v = j - 13. Let z = -13 - v. List the prime factors of z.
2, 5
Let c(n) be the third derivative of n**6/120 + n**5/10 + n**4/4 + 5*n**3/6 + 8*n**2. Let p = -4 - 0. List the prime factors of c(p).
13
Let m(l) = l**2 + 2*l - 58. Let d be m(7). Suppose 5*t = -d*j + 245, j + 2*t + 137 = 4*j. What are the prime factors of j?
47
Suppose 1 = -o - 5*h - 0, 3*o - 3*h = 15. Suppose -4*n = -3*d - 501, -256 = -o*n + 2*n - 4*d. List the prime factors of n.
2, 3, 7
Suppose 2*l - 3*b = 19, 0 = -2*l - 0*l + 4*b + 24. Suppose 3*h - 2*f = -f - 51, l*h + 39 = -f. List the prime factors of (-3 - 0)*h/2.
3
Let n be (5/(-5))/(3/(-6)). Suppose n*q + q = i - 263, 4*q = 2*i - 522. What are the prime factors of i?
257
Suppose 2*g - 483 = w + 560, 0 = 2*g - 5*w - 1023. What are the prime factors of g?
2, 131
Let a be ((-4)/(-2))/((-2)/33). Let q = -11 - a. List the prime factors of q.
2, 11
Suppose -5*v - 5*a + 52 = -8, 4*v = -a + 33. Suppose 10 = -3*i + v. Let t = 12 + i. List the prime factors of t.
11
Suppose 16*x - 15515 = 16981. What are the prime factors of x?
3, 677
List the prime factors of (-1*725 + 3)/(2 + -3).
2, 19
Let w = 34 - 41. List the prime factors of 252/w*((-3)/(-2))/(-1).
2, 3
Suppose -1304 = -u + 429. What are the prime factors of u?
1733
Let b = -15 - -25. Let i = b + -16. Let h = i - -31. What are the prime factors of h?
5
List the prime factors of ((-1326)/(-65))/((-3)/(-190)).
2, 17, 19
Suppose 4*g + 928 = 4*a, 7*g = 4*g - 12. List the prime factors of a.
2, 3, 19
Let u be (0 - 3)*(-1760)/33. Suppose -u = -6*w + w. What are the prime factors of w?
2
Let m = 668 - -1105. What are the prime factors of m?
3, 197
Let t(f) = -f**2 + 23*f + 33. Let d be (25/(-5) - -8) + 13. What are the prime factors of t(d)?
5, 29
Let b = 165 - 295. Let a = -82 - b. What are the prime factors of a?
2, 3
Let a(k) = -k**2 + 7*k - 9. Let p(m) = m**2 - 7*m + 6. Let o be p(7). Let w be a(o). List the prime factors of w*(-5 - (-6)/3).
3
Suppose -k + 1 = 2*o - o, -5*k - 9 = -2*o. Let m(a) = -19 - 4*a + o*a - 5*a. What are the prime factors of m(-8)?
37
Suppose -6*r - 4*r = -2420. List the prime factors of r.
2, 11
Suppose 3*w - 5*s = -7*s - 242, -2*w = 3*s + 158. Suppose -4*o - 500 = 4*u, 16*o = 11*o + 25. Let a = w - u. What are the prime factors of a?
2, 3
Suppose 4*c + 4*m - 1296 = -372, -3*c + 693 = -m. What are the prime factors of c?
3, 7, 11
Let h = -449 + 539. List the prime factors of h.
2, 3, 5
Let t(f) = -f**2 + 8*f + 11. Let p be t(9). Suppose -q + p*q = 2. Suppose 2*k - 2 - 24 = -q*s, 0 = -k + 4*s + 23. What are the prime factors of k?
3, 5
Let j = 1062 - 281. List the prime factors of j.
11, 71
Let a(u) = -8*u. Let s be a(-3). Let m(k) = -18*k**2 - 2*k + 1. Let h be m(-1). Let r = h + s. List the prime factors of r.
3
Suppose -2*l = -5*f + 3315, -1989 = -3*f + 2*l - 5*l. What are the prime factors of f?
3, 13, 17
Let q(c) = -5*c - 17. Suppose 3*f - 3*w = 2*f - 12, -5*f = 3*w - 30. Let o(t) = 6*t + 16. Let b(v) = f*q(v) + 2*o(v). List the prime factors of b(-14).
23
Suppose 961 = -5*i + 5041. List the prime factors of i.
2, 3, 17
Let v be 0/(-3*(-1)/3). Suppose v = -4*j + d + 97, 5*j + 67 - 189 = 2*d. Suppose 3*w - 192 = -j. What are the prime factors of w?
2, 7
Suppose 0 = n + 29 - 28. Let m(k) = -152*k**3 + 3*k**2 + 3*k + 1. List the prime factors of m(n).
3, 17
Suppose 0*g - 4*g + 1116 = 2*w, 2*g = 5*w + 558. What are the prime factors of g?
3, 31
Suppose -81*s - 2610 = -90*s. What are the prime factors of s?
2, 5, 29
Let f be (-5)/(-20) - (-15)/4. Suppose -f*q + 206 = -34. List the prime factors of q.
2, 3, 5
Let a(p) be the first derivative of 4*p**3/3 - 19*p**2/2 - 19*p + 5. What are the prime factors of a(9)?
2, 67
Let b(c) = 16*c - 181. List the prime factors of b(30).
13, 23
Let s be (48/20)/(2/10). Let r = -9 + s. List the prime factors of r.
3
Let y(o) = -o**3 - 12*o**2 - 9*o - 2. List the prime factors of y(-12).
2, 53
Let g = 1664 + -903. What are the prime factors of g?
761
Suppose -3*x + 5*x - 10 = 0. Suppose x*w = i + 2, 9*i = 4*i + 3*w - 10. Let k(j) = -14*j + 4. What are the prime factors of k(i)?
2
Let a(q) = 5*q**2 + 2*q - 2. Let d(c) be the second derivative of c**4/12 - 3*c**3/2 + 5*c**2 + 2*c. Let z be d(8). What are the prime factors of a(z)?
2, 11
Suppose -296 = -4*a - 4*x, -a - 5*x = 25 - 107. What are the prime factors of a?
2, 3
Suppose 3*i = 9*k - 1408 - 16532, 3*k - 5*i - 5972 = 0. What are the prime factors of k?
2, 997
Let i = -254 - -758. What are the prime factors of i?
2, 3, 7
Let q(n) = 17*n - 180. List the prime factors of q(21).
3, 59
Suppose 10*h + 3*l - 3951 = 7*h, 3*l - 5263 = -4*h. List the prime factors of h.
2, 41
Suppose -2*w - 159 + 59 = 0. Let d = w - -142. List the prime factors of d.
2, 23
List the prime factors of (4*249/18)/((-3)/(-18)).
2, 83
Let u = 31 + -8. Let a = u - 12. Let h(m) = 3*m + 7. What are the prime factors of h(a)?
2, 5
Suppose -5*j = 2*b - 9142, -j = 22*b - 19*b - 1831. List the prime factors of j.
2, 457
Let h = 321 - 319. List the prime factors of h.
2
Let o(t) = -417*t - 42. What are the prime factors of o(-2)?
2, 3, 11
Suppose -2*l - 3 - 19 = 0. Suppose -3*c - 28 = -4*c. Let p = c + l. List the prime factors of p.
17
Suppose -22 = -4*d + 50. Suppose -3*m = -45 + d. What are the prime factors of m/((-36)/8) + 14?
2, 3
Let i(m) = 4*m - 1. List the prime factors of i(12).
47
Suppose 159 = -2*h + 3*h. Suppose 0 = 4*y + u - 362, -y - 5*u + 3*u = -94. Let d = h - y. What are the prime factors of d?
3, 23
Let h = -86 + 80. Let a = h - -20. What are the prime factors of a?
2, 7
Suppose 3*g + j - 5 = 0, 5 = -g - 5*j + 2. What are the prime factors of ((-1405)/(-20)*-1)/(g/(-8))?
281
Let t = 5575 + -3786. What are the prime factors of t?
1789
Let z(f) be the second derivative of -5*f**2 - 1/2*f**3 - 4*f + 0. List the prime factors of z(-10).
2, 5
Suppose 5*d + 112 - 1637 = 0. Suppose -x + d = 4*x. Let i = x - 4. List the prime factors of i.
3, 19
Suppose 4*i + z = 111, 0 = -i + 3*z - 2*z + 34. Suppose -4*n + i + 523 = 4*h, -411 = -3*n - 4*h. What are the prime factors of n?
3, 47
List the prime factors of (1 - 2)/(17/(-8449)) + 5.
2, 251
Suppose 9*q - 13*q + 32 = 0. Let l be -1 + 0 - (2 - q). Suppose -75 = -2*p - 0*n + 3*n, -l*n = -p + 27. What are the prime factors of p?
2, 3, 7
Let d = 21 + -17. Suppose -105 - 107 = -d*h. List the prime factors of h.
53
Suppose 27*i - 3132 = 15*i. What are the prime factors of i?
3, 29
Let s be (204/(-72))/(2/(-12)). Let r = s - -44. List the prime factors of r.
61
Let p(r) = r**3 + r**2 - 2*r + 36. Let j be p(0). Suppose 0 = -m - 2*m - j. Let s = -10 - m. What are the prime factors of s?
2
Suppose 36 = 5*i - 49. Let d = 11 - i. Let h(c) = -5*c - 12. What are the prime factors of h(d)?
2, 3
Let h(m) be the third derivative of 5*m**4/12 + m**3/3 - m**2. Let u be h(2). Suppose -4*c = -3*c + 2*p - u, 0 = 5*c - 2*p - 86. List the prime factors of c.
2, 3
Let a(x) = -4*x**2 - 3*x - 2 - 5*x**3 + 2*x**3 - 3*x + 0. List the prime factors of a(-4).
2, 3, 5
Let a 